{"id":39,"date":"2026-03-11T17:56:33","date_gmt":"2026-03-11T21:56:33","guid":{"rendered":"https:\/\/magela.ca\/?page_id=39"},"modified":"2026-04-09T22:50:22","modified_gmt":"2026-04-10T02:50:22","slug":"acceuil","status":"publish","type":"page","link":"https:\/\/magela.ca\/","title":{"rendered":"Acceuil"},"content":{"rendered":"\n\n\n\nVOTRE\n<span style=\"color:#021872ff;\">meilleur<\/span>\n<span style=\"color:#021872ff;\">solution<\/span>\n\n\n\n\n\n<span style=\"color:#021872ff;\">&nbsp;&#8211; pour de nouvelles id\u00e9es pour vos r\u00e9aliser vos projets.&nbsp; &nbsp; &nbsp; &nbsp; &nbsp; &nbsp; &nbsp; &nbsp; &nbsp;&#8211; POUR COLLABORER AVEC DES PROFESSIONNELS SP\u00c9CIALIS\u00c9S EN&nbsp; &nbsp; &nbsp; &nbsp; &nbsp; &nbsp; &nbsp; &nbsp; &nbsp;STRUCTURE, AYANT DES EXP\u00c9RIENCES MULTIDISCIPLINAIRES.&nbsp; &nbsp; &nbsp; &nbsp; &nbsp; &nbsp; &nbsp; &nbsp; &nbsp; &nbsp; &nbsp;&#8211; POUR UN CONCEPT INNOVANT EN RESPECTANT VOS CONTRAINTES.&nbsp; &nbsp; &nbsp; &nbsp; &nbsp; &nbsp;&#8211; POUR UN R\u00c9SULTAT DE QUALIT\u00c9 QUI SE D\u00c9MARQUE.<\/span>\n\n\n\n\n","protected":false},"excerpt":{"rendered":"","protected":false},"author":1,"featured_media":0,"parent":0,"menu_order":0,"comment_status":"closed","ping_status":"closed","template":"","meta":{"om_disable_all_campaigns":false,"pagelayer_contact_templates":[],"_pagelayer_content":"","_monsterinsights_skip_tracking":false,"_monsterinsights_sitenote_active":false,"_monsterinsights_sitenote_note":"","_monsterinsights_sitenote_category":0,"_uf_show_specific_survey":0,"_uf_disable_surveys":false,"footnotes":""},"class_list":["post-39","page","type-page","status-publish","hentry"],"aioseo_notices":[],"_links":{"self":[{"href":"https:\/\/magela.ca\/index.php?rest_route=\/wp\/v2\/pages\/39","targetHints":{"allow":["GET"]}}],"collection":[{"href":"https:\/\/magela.ca\/index.php?rest_route=\/wp\/v2\/pages"}],"about":[{"href":"https:\/\/magela.ca\/index.php?rest_route=\/wp\/v2\/types\/page"}],"author":[{"embeddable":true,"href":"https:\/\/magela.ca\/index.php?rest_route=\/wp\/v2\/users\/1"}],"replies":[{"embeddable":true,"href":"https:\/\/magela.ca\/index.php?rest_route=%2Fwp%2Fv2%2Fcomments&post=39"}],"version-history":[{"count":7,"href":"https:\/\/magela.ca\/index.php?rest_route=\/wp\/v2\/pages\/39\/revisions"}],"predecessor-version":[{"id":457,"href":"https:\/\/magela.ca\/index.php?rest_route=\/wp\/v2\/pages\/39\/revisions\/457"}],"wp:attachment":[{"href":"https:\/\/magela.ca\/index.php?rest_route=%2Fwp%2Fv2%2Fmedia&parent=39"}],"curies":[{"name":"wp","href":"https:\/\/api.w.org\/{rel}","templated":true}]}}